{"id":3664,"date":"2025-11-28T13:15:57","date_gmt":"2025-11-28T13:15:57","guid":{"rendered":"https:\/\/pension-research.is\/?post_type=folkid&#038;p=3664"},"modified":"2025-11-28T13:18:04","modified_gmt":"2025-11-28T13:18:04","slug":"fannar-hardarson","status":"publish","type":"folkid","link":"https:\/\/pension-research.is\/en\/folkid\/fannar-hardarson\/","title":{"rendered":"Fannar Har\u00f0arson"},"content":{"rendered":"<p>Fannar stundar BS n\u00e1m \u00ed hagn\u00fdttri st\u00e6r\u00f0fr\u00e6\u00f0i, me\u00f0 \u00e1herslu \u00e1 fj\u00e1rm\u00e1last\u00e6r\u00f0fr\u00e6\u00f0i, vi\u00f0 H\u00e1sk\u00f3la \u00cdslands. Samhli\u00f0a \u00fev\u00ed vinnur hann a\u00f0 verkefni \u00ed tengslum vi\u00f0 sparna\u00f0arhneig\u00f0 eldri borgara \u00e1 \u00cdslandi.<\/p>","protected":false},"template":"","folkid_flokkar":[17],"class_list":["post-3664","folkid","type-folkid","status-publish","hentry","folkid_flokkar-unglidafelagar","wpbf-post"],"acf":[],"_links":{"self":[{"href":"https:\/\/pension-research.is\/en\/wp-json\/wp\/v2\/folkid\/3664","targetHints":{"allow":["GET"]}}],"collection":[{"href":"https:\/\/pension-research.is\/en\/wp-json\/wp\/v2\/folkid"}],"about":[{"href":"https:\/\/pension-research.is\/en\/wp-json\/wp\/v2\/types\/folkid"}],"version-history":[{"count":1,"href":"https:\/\/pension-research.is\/en\/wp-json\/wp\/v2\/folkid\/3664\/revisions"}],"predecessor-version":[{"id":3666,"href":"https:\/\/pension-research.is\/en\/wp-json\/wp\/v2\/folkid\/3664\/revisions\/3666"}],"wp:attachment":[{"href":"https:\/\/pension-research.is\/en\/wp-json\/wp\/v2\/media?parent=3664"}],"wp:term":[{"taxonomy":"folkid_flokkar","embeddable":true,"href":"https:\/\/pension-research.is\/en\/wp-json\/wp\/v2\/folkid_flokkar?post=3664"}],"curies":[{"name":"wp","href":"https:\/\/api.w.org\/{rel}","templated":true}]}}

Fannar Harðarson

<p>Fannar stundar BS nám í hagnýttri stærðfræði, með áherslu á fjármálastærðfræði, við Háskóla Íslands. Samhliða því vinnur hann að verkefni í tengslum við sparnaðarhneigð eldri borgara á Íslandi.</p>
